{"id":50,"date":"2024-02-26T09:27:24","date_gmt":"2024-02-26T08:27:24","guid":{"rendered":"https:\/\/fabuleusementfortes.fr\/?page_id=50"},"modified":"2024-03-02T00:02:17","modified_gmt":"2024-03-01T23:02:17","slug":"comment-calculer-son-deficit-calorique-pour-une-perte-de-poids","status":"publish","type":"page","link":"https:\/\/fabuleusementfortes.fr\/?page_id=50","title":{"rendered":"Comment calculer son d\u00e9ficit calorique?"},"content":{"rendered":"\n<p class=\"has-background\" style=\"background-color:#b0cff4\">Pour perdre du poids, il est essentiel de cr\u00e9er un d\u00e9ficit calorique, c&rsquo;est-\u00e0-dire de consommer moins de calories que votre corps n&rsquo;en br\u00fble. Le d\u00e9ficit calorique est la cl\u00e9 pour perdre du poids de mani\u00e8re efficace et durable.<\/p>\n\n\n\n<p class=\"has-pale-cyan-blue-background-color has-background\">Pour calculer votre d\u00e9ficit calorique, vous devez d&rsquo;abord d\u00e9terminer votre taux m\u00e9tabolique de base (TMB), qui repr\u00e9sente le nombre de calories que votre corps br\u00fble au repos. Il existe diff\u00e9rentes formules pour calculer votre TMB, mais l&rsquo;une des plus couramment utilis\u00e9es est l&rsquo;\u00e9quation de Harris-Benedict :<\/p>\n\n\n\n<p class=\"has-background\" style=\"background-color:#79c4da\">TMB pour les hommes = 66,5 + (13,75 x poids en kg) + (5 x taille en cm) &#8211; (6,75 x \u00e2ge en ann\u00e9es)<\/p>\n\n\n\n<p class=\"has-background\" style=\"background-color:#d0e6f4\">TMB pour les femmes = 655 + (9,56 x poids en kg) + (1,85 x taille en cm) &#8211; (4,68 x \u00e2ge en ann\u00e9es)<\/p>\n\n\n\n<p class=\"has-pale-cyan-blue-background-color has-background\">Une fois que vous avez calcul\u00e9 votre TMB, vous devez d\u00e9terminer votre niveau d&rsquo;activit\u00e9 physique. Multipliez votre TMB par le coefficient correspondant \u00e0 votre niveau d&rsquo;activit\u00e9 :<\/p>\n\n\n\n<p class=\"has-background\" style=\"background-color:#cfeeff\">S\u00e9dentaire (peu ou pas d&rsquo;exercice) : TMB x 1,2<\/p>\n\n\n\n<p class=\"has-background\" style=\"background-color:#bce3fd\">L\u00e9ger (exercice l\u00e9ger 1 \u00e0 3 jours par semaine) : TMB x 1,375<\/p>\n\n\n\n<p class=\"has-background\" style=\"background-color:#e4f4ff\">Moder\u00e9 (exercice mod\u00e9r\u00e9 3 \u00e0 5 jours par semaine) : TMB x 1,55<\/p>\n\n\n\n<p class=\"has-background\" style=\"background-color:#bce9ee\">Intense (exercice intense 6 \u00e0 7 jours par semaine) : TMB x 1,725<\/p>\n\n\n\n<p class=\"has-background\" style=\"background-color:#80dedf\">Tr\u00e8s intense (exercice intense tous les jours, ou travail physique intense et entra\u00eenement) : TMB x 1,9<\/p>\n\n\n\n<p class=\"has-background\" style=\"background-color:#96d4fa73\">Une fois que vous avez calcul\u00e9 votre besoin calorique total en fonction de votre niveau d&rsquo;activit\u00e9, vous pouvez cr\u00e9er un d\u00e9ficit calorique en consommant moins de calories que votre besoin calorique total. Il est g\u00e9n\u00e9ralement recommand\u00e9 de cr\u00e9er un d\u00e9ficit de 500 \u00e0 1000 calories par jour pour perdre environ 0,5 \u00e0 1 kg par semaine.<\/p>\n\n\n\n<p class=\"has-background\" style=\"background-color:#8dd2fc82\">Il est important de noter que la perte de poids ne doit pas \u00eatre trop rapide, car cela peut entra\u00eener une perte de muscle et un ralentissement du m\u00e9tabolisme. Il est pr\u00e9f\u00e9rable de perdre du poids de mani\u00e8re progressive et de consulter un professionnel de la sant\u00e9 ou un nutritionniste pour obtenir des conseils personnalis\u00e9s.<\/p>\n","protected":false},"excerpt":{"rendered":"<p>Comment calculer son d\u00e9ficit calorique <\/p>\n","protected":false},"author":1,"featured_media":51,"parent":0,"menu_order":0,"comment_status":"open","ping_status":"closed","template":"","meta":{"om_disable_all_campaigns":false,"_monsterinsights_skip_tracking":false,"_monsterinsights_sitenote_active":false,"_monsterinsights_sitenote_note":"","_monsterinsights_sitenote_category":0,"_uf_show_specific_survey":0,"_uf_disable_surveys":false,"footnotes":""},"class_list":["post-50","page","type-page","status-publish","has-post-thumbnail","hentry"],"aioseo_notices":[],"_links":{"self":[{"href":"https:\/\/fabuleusementfortes.fr\/index.php?rest_route=\/wp\/v2\/pages\/50","targetHints":{"allow":["GET"]}}],"collection":[{"href":"https:\/\/fabuleusementfortes.fr\/index.php?rest_route=\/wp\/v2\/pages"}],"about":[{"href":"https:\/\/fabuleusementfortes.fr\/index.php?rest_route=\/wp\/v2\/types\/page"}],"author":[{"embeddable":true,"href":"https:\/\/fabuleusementfortes.fr\/index.php?rest_route=\/wp\/v2\/users\/1"}],"replies":[{"embeddable":true,"href":"https:\/\/fabuleusementfortes.fr\/index.php?rest_route=%2Fwp%2Fv2%2Fcomments&post=50"}],"version-history":[{"count":5,"href":"https:\/\/fabuleusementfortes.fr\/index.php?rest_route=\/wp\/v2\/pages\/50\/revisions"}],"predecessor-version":[{"id":379,"href":"https:\/\/fabuleusementfortes.fr\/index.php?rest_route=\/wp\/v2\/pages\/50\/revisions\/379"}],"wp:featuredmedia":[{"embeddable":true,"href":"https:\/\/fabuleusementfortes.fr\/index.php?rest_route=\/wp\/v2\/media\/51"}],"wp:attachment":[{"href":"https:\/\/fabuleusementfortes.fr\/index.php?rest_route=%2Fwp%2Fv2%2Fmedia&parent=50"}],"curies":[{"name":"wp","href":"https:\/\/api.w.org\/{rel}","templated":true}]}}