{"id":450,"date":"2024-03-06T11:17:45","date_gmt":"2024-03-06T10:17:45","guid":{"rendered":"https:\/\/fabuleusementfortes.fr\/?page_id=450"},"modified":"2024-03-06T12:48:06","modified_gmt":"2024-03-06T11:48:06","slug":"mentions-legales","status":"publish","type":"page","link":"https:\/\/fabuleusementfortes.fr\/?page_id=450","title":{"rendered":"mentions l\u00e9gales"},"content":{"rendered":"\n<p>Informations sur le propri\u00e9taire du site :<\/p>\n\n\n\n<p>Nom de l\u2019entreprise : Eva wacquiez <\/p>\n\n\n\n<p>Forme juridique : Entreprise individuelle Adresse : adresse personnelle 44230 St S\u00e9bastien sur Loire T\u00e9l\u00e9phone : non communiqu\u00e9 E-mail : mendeseva700@gmail.com Directeur de la publication : Wacquiez Eva<\/p>\n\n\n\n<p>H\u00e9bergeur du site :<\/p>\n\n\n\n<p>Nom de l\u2019h\u00e9bergeur : <\/p>\n\n\n\n<ul class=\"wp-block-list\">\n<li>Nom de l&rsquo;entreprise: Hostinger<br>International Ltd.<\/li>\n\n\n\n<li>\ufeff\ufeffAdresse: 61 Lordou Vironos<\/li>\n<\/ul>\n\n\n\n<p>Street, 6023 Larnaca, Cyprus<\/p>\n\n\n\n<p>Adresse mail : www.hostinger.com<\/p>\n\n\n\n<p>Propri\u00e9t\u00e9 intellectuelle et droits d\u2019auteur :<\/p>\n\n\n\n<p>Tous les contenus pr\u00e9sents sur ce site (textes, images, vid\u00e9os, etc.) sont la propri\u00e9t\u00e9 exclusive de Wacquiez Eva ou de ses partenaires et sont prot\u00e9g\u00e9s par les lois nationales et internationales sur le droit d\u2019auteur. Toute reproduction, repr\u00e9sentation, distribution ou utilisation des contenus, en tout ou en partie, est strictement interdite sans l\u2019autorisation pr\u00e9alable de Wacquiez Eva<\/p>\n\n\n\n<p>Responsabilit\u00e9 :<\/p>\n\n\n\n<p>Malgr\u00e9 le soin apport\u00e9 \u00e0 la r\u00e9daction des contenus de ce site, Wacquiez Eva d\u00e9cline toute responsabilit\u00e9 quant \u00e0 l\u2019exactitude, l\u2019exhaustivit\u00e9 ou la pertinence des informations fournies. Wacquiez Eva ne peut en aucun cas \u00eatre tenue pour responsable des dommages directs ou indirects r\u00e9sultant de l\u2019utilisation ou de l\u2019impossibilit\u00e9 d\u2019utilisation de ce site.<\/p>\n\n\n\n<p>Cookies :<\/p>\n\n\n\n<p>Ce site utilise des cookies pour am\u00e9liorer l\u2019exp\u00e9rience utilisateur et fournir des statistiques de trafic anonymes. En naviguant sur ce site, vous acceptez l\u2019utilisation de cookies. Pour en savoir plus sur l\u2019utilisation des cookies sur ce site et sur la mani\u00e8re de les g\u00e9rer, veuillez consulter notre politique de cookies.<\/p>\n\n\n\n<p>Droit applicable et litiges :<\/p>\n\n\n\n<p>Les pr\u00e9sentes mentions l\u00e9gales sont r\u00e9gies par le droit fran\u00e7ais en vigueur . En cas de litige, les tribunaux comp\u00e9tents seront les tribunaux fran\u00e7ais.<\/p>\n","protected":false},"excerpt":{"rendered":"<p>Informations sur le propri\u00e9taire du site : Nom de l\u2019entreprise : Eva wacquiez Forme juridique : Entreprise individuelle Adresse : adresse personnelle 44230 St S\u00e9bastien sur Loire T\u00e9l\u00e9phone : non communiqu\u00e9 E-mail : mendeseva700@gmail.com Directeur de la publication : Wacquiez Eva H\u00e9bergeur du site : Nom de l\u2019h\u00e9bergeur : Street, 6023 Larnaca, Cyprus Adresse mail : www.hostinger.com Propri\u00e9t\u00e9 intellectuelle et droits d\u2019auteur : Tous les contenus pr\u00e9sents sur ce site (textes, images, vid\u00e9os, etc.) sont la propri\u00e9t\u00e9 exclusive de Wacquiez Eva ou de ses partenaires et sont prot\u00e9g\u00e9s par les lois nationales et internationales sur le droit d\u2019auteur. Toute reproduction, repr\u00e9sentation, distribution ou utilisation des contenus, en tout ou en partie, est strictement interdite sans l\u2019autorisation pr\u00e9alable de Wacquiez Eva Responsabilit\u00e9 : Malgr\u00e9 le soin apport\u00e9 \u00e0 la r\u00e9daction des contenus de ce site, Wacquiez Eva d\u00e9cline toute responsabilit\u00e9 quant \u00e0 l\u2019exactitude, l\u2019exhaustivit\u00e9 ou la pertinence des informations fournies. Wacquiez Eva ne peut en aucun cas \u00eatre tenue pour responsable des dommages directs ou indirects r\u00e9sultant de l\u2019utilisation ou de l\u2019impossibilit\u00e9 d\u2019utilisation de ce site. Cookies : Ce site utilise des cookies pour am\u00e9liorer l\u2019exp\u00e9rience utilisateur et fournir des statistiques de trafic anonymes. En naviguant sur ce site, vous acceptez l\u2019utilisation de cookies. Pour en savoir plus sur l\u2019utilisation des cookies sur ce site et sur la mani\u00e8re de les g\u00e9rer, veuillez consulter notre politique de cookies. Droit applicable et litiges : Les pr\u00e9sentes mentions l\u00e9gales sont r\u00e9gies par le droit fran\u00e7ais en vigueur . En cas de litige, les tribunaux comp\u00e9tents seront les tribunaux fran\u00e7ais.<\/p>\n","protected":false},"author":1,"featured_media":0,"parent":0,"menu_order":0,"comment_status":"closed","ping_status":"closed","template":"","meta":{"om_disable_all_campaigns":false,"_monsterinsights_skip_tracking":false,"_monsterinsights_sitenote_active":false,"_monsterinsights_sitenote_note":"","_monsterinsights_sitenote_category":0,"_uf_show_specific_survey":0,"_uf_disable_surveys":false,"footnotes":""},"class_list":["post-450","page","type-page","status-publish","hentry"],"aioseo_notices":[],"_links":{"self":[{"href":"https:\/\/fabuleusementfortes.fr\/index.php?rest_route=\/wp\/v2\/pages\/450","targetHints":{"allow":["GET"]}}],"collection":[{"href":"https:\/\/fabuleusementfortes.fr\/index.php?rest_route=\/wp\/v2\/pages"}],"about":[{"href":"https:\/\/fabuleusementfortes.fr\/index.php?rest_route=\/wp\/v2\/types\/page"}],"author":[{"embeddable":true,"href":"https:\/\/fabuleusementfortes.fr\/index.php?rest_route=\/wp\/v2\/users\/1"}],"replies":[{"embeddable":true,"href":"https:\/\/fabuleusementfortes.fr\/index.php?rest_route=%2Fwp%2Fv2%2Fcomments&post=450"}],"version-history":[{"count":3,"href":"https:\/\/fabuleusementfortes.fr\/index.php?rest_route=\/wp\/v2\/pages\/450\/revisions"}],"predecessor-version":[{"id":458,"href":"https:\/\/fabuleusementfortes.fr\/index.php?rest_route=\/wp\/v2\/pages\/450\/revisions\/458"}],"wp:attachment":[{"href":"https:\/\/fabuleusementfortes.fr\/index.php?rest_route=%2Fwp%2Fv2%2Fmedia&parent=450"}],"curies":[{"name":"wp","href":"https:\/\/api.w.org\/{rel}","templated":true}]}}