{"id":2,"date":"2024-02-25T17:06:46","date_gmt":"2024-02-25T16:06:46","guid":{"rendered":"http:\/\/fabuleusementfortes.fr\/?page_id=2"},"modified":"2024-02-26T22:01:17","modified_gmt":"2024-02-26T21:01:17","slug":"page-d-exemple","status":"publish","type":"page","link":"https:\/\/fabuleusementfortes.fr\/?page_id=2","title":{"rendered":"Le site o\u00f9 tu trouveras tout ce dont tu as besoin pour le fitness, la perte de poids et le bien-\u00eatre"},"content":{"rendered":"\n<figure class=\"wp-block-image size-full\"><img loading=\"lazy\" decoding=\"async\" width=\"978\" height=\"978\" src=\"http:\/\/fabuleusementfortes-fr.preview-domain.com\/wp-content\/uploads\/2024\/02\/IMG_3680.jpeg\" alt=\"\" class=\"wp-image-24\" srcset=\"https:\/\/fabuleusementfortes.fr\/wp-content\/uploads\/2024\/02\/IMG_3680.jpeg 978w, https:\/\/fabuleusementfortes.fr\/wp-content\/uploads\/2024\/02\/IMG_3680-300x300.jpeg 300w, https:\/\/fabuleusementfortes.fr\/wp-content\/uploads\/2024\/02\/IMG_3680-150x150.jpeg 150w, https:\/\/fabuleusementfortes.fr\/wp-content\/uploads\/2024\/02\/IMG_3680-768x768.jpeg 768w\" sizes=\"auto, (max-width: 978px) 100vw, 978px\" \/><\/figure>\n\n\n\n<blockquote class=\"wp-block-quote has-pale-pink-color has-black-background-color has-text-color has-background has-link-color wp-elements-4ac6107d627c2511b660837df420da15 is-layout-flow wp-block-quote-is-layout-flow\">\n<p class=\"has-pale-pink-color has-black-background-color has-text-color has-background has-link-color wp-elements-7177c98f4008c3b22e5affc05378e1b0\">\u00ab\u00a0La plus grande libert\u00e9 que vous pouvez accorder \u00e0 vous-m\u00eame est l&rsquo;acceptation compl\u00e8te de qui vous \u00eates.\u00a0\u00bb <\/p>\n\n\n\n<blockquote class=\"wp-block-quote is-layout-flow wp-block-quote-is-layout-flow\">\n<figure class=\"wp-block-image size-full\"><img loading=\"lazy\" decoding=\"async\" width=\"1024\" height=\"1024\" src=\"http:\/\/fabuleusementfortes-fr.preview-domain.com\/wp-content\/uploads\/2024\/02\/IMG_3682.png\" alt=\"\" class=\"wp-image-27\" srcset=\"https:\/\/fabuleusementfortes.fr\/wp-content\/uploads\/2024\/02\/IMG_3682.png 1024w, https:\/\/fabuleusementfortes.fr\/wp-content\/uploads\/2024\/02\/IMG_3682-300x300.png 300w, https:\/\/fabuleusementfortes.fr\/wp-content\/uploads\/2024\/02\/IMG_3682-150x150.png 150w, https:\/\/fabuleusementfortes.fr\/wp-content\/uploads\/2024\/02\/IMG_3682-768x768.png 768w\" sizes=\"auto, (max-width: 1024px) 100vw, 1024px\" \/><\/figure>\n<\/blockquote>\n<cite>\u00ab\u00a0Le sport est le meilleur alli\u00e9 pour perdre du poids et rester en forme. Chaque mouvement compte, chaque effort compte. Alors enfile tes baskets, l\u00e8ve-toi et bouge! La transformation commence par un pas, et chaque pas te rapproche de tes objectifs. N&rsquo;abandonne jamais, car chaque goutte de sueur t&rsquo;apporte plus de force et de confiance en toi. Tu es plus fort(e) que tu ne le penses, et le sport te le prouvera \u00e0 chaque instant.\u00a0\u00bb<\/cite><\/blockquote>\n","protected":false},"excerpt":{"rendered":"","protected":false},"author":1,"featured_media":0,"parent":0,"menu_order":0,"comment_status":"closed","ping_status":"open","template":"","meta":{"om_disable_all_campaigns":false,"_monsterinsights_skip_tracking":false,"_monsterinsights_sitenote_active":false,"_monsterinsights_sitenote_note":"","_monsterinsights_sitenote_category":0,"_uf_show_specific_survey":0,"_uf_disable_surveys":false,"footnotes":""},"class_list":["post-2","page","type-page","status-publish","hentry"],"aioseo_notices":[],"_links":{"self":[{"href":"https:\/\/fabuleusementfortes.fr\/index.php?rest_route=\/wp\/v2\/pages\/2","targetHints":{"allow":["GET"]}}],"collection":[{"href":"https:\/\/fabuleusementfortes.fr\/index.php?rest_route=\/wp\/v2\/pages"}],"about":[{"href":"https:\/\/fabuleusementfortes.fr\/index.php?rest_route=\/wp\/v2\/types\/page"}],"author":[{"embeddable":true,"href":"https:\/\/fabuleusementfortes.fr\/index.php?rest_route=\/wp\/v2\/users\/1"}],"replies":[{"embeddable":true,"href":"https:\/\/fabuleusementfortes.fr\/index.php?rest_route=%2Fwp%2Fv2%2Fcomments&post=2"}],"version-history":[{"count":3,"href":"https:\/\/fabuleusementfortes.fr\/index.php?rest_route=\/wp\/v2\/pages\/2\/revisions"}],"predecessor-version":[{"id":58,"href":"https:\/\/fabuleusementfortes.fr\/index.php?rest_route=\/wp\/v2\/pages\/2\/revisions\/58"}],"wp:attachment":[{"href":"https:\/\/fabuleusementfortes.fr\/index.php?rest_route=%2Fwp%2Fv2%2Fmedia&parent=2"}],"curies":[{"name":"wp","href":"https:\/\/api.w.org\/{rel}","templated":true}]}}