{"id":124,"date":"2024-02-26T22:46:33","date_gmt":"2024-02-26T21:46:33","guid":{"rendered":"https:\/\/fabuleusementfortes.fr\/?page_id=124"},"modified":"2024-03-06T00:49:04","modified_gmt":"2024-03-05T23:49:04","slug":"a-propos","status":"publish","type":"page","link":"https:\/\/fabuleusementfortes.fr\/","title":{"rendered":"Le lieu de rendez-vous pour les femmes cherchant \u00e0 perdre du poids et \u00e0 se mettre en forme"},"content":{"rendered":"\n<p class=\"has-black-color has-luminous-dusk-gradient-background has-text-color has-background has-link-color wp-elements-79f17ace1e2c9e831160968cbbe3a683\">Bienvenue sur le site de \u00ab&nbsp;fabuleusement fortes \u2026&nbsp;\u00bb<\/p>\n\n\n\n<p class=\"has-black-color has-luminous-dusk-gradient-background has-text-color has-background has-link-color wp-elements-b2ca5c62a5fffe0ae22ff9406655881f\">Ce nom a plusieurs significations :<\/p>\n\n\n\n<p class=\"has-black-color has-luminous-dusk-gradient-background has-text-color has-background has-link-color wp-elements-dd5776ca657dfc85f015f4062b9017e9\">Il concerne les femmes fortes et qui sont parfaitement en harmonie avec elle-m\u00eame, mais il concerne \u00e9galement toutes les femmes en g\u00e9n\u00e9ral qui ont travers\u00e9 des \u00e9preuves de la vie ! Peut importe le physique, il n\u2019y a aucune discrimination ici. C\u2019est un site pour les femmes fabuleuses, les femmes fortes, les femmes fabuleusement fortes \u2764\ufe0f<\/p>\n\n\n\n<p class=\"has-black-color has-luminous-dusk-gradient-background has-text-color has-background has-link-color wp-elements-75e47e0b7292831b938c8c905612ce32\">J\u2019ai souvent r\u00eav\u00e9 de trouver un site internet qui regrouperait touuuuut ce dont j\u2019ai toujours eu besoin pour commencer ou r\u00e9ussir une perte de poids: quoi manger sans \u00eatre frustr\u00e9e, o\u00f9 trouver du chocolat d\u00e9licieux et sans sucre par exemple, ou quel petit d\u00e9jeuner gourmand serait parfait pour perdre du poids tout en se r\u00e9galant\u2026<\/p>\n\n\n\n<p class=\"has-black-color has-luminous-dusk-gradient-background has-text-color has-background has-link-color wp-elements-4a000ad6465b71d4a3a30bde535c3372\">Mais \u00e9galement quelle cr\u00e8me pour le corps, le visage ou les mains mettre avant de faire mon footing? Comment r\u00e9ussir mon footing? Quels exercices sont parfaitement adapt\u00e9s pour me muscler et m\u2019aider dans ma perte de poids ? Quelle tenue porter \u00e0 la salle qui me mette suffisamment en valeur et en confiance pour affronter les regards ?<\/p>\n\n\n\n<p class=\"has-black-color has-luminous-dusk-gradient-background has-text-color has-background has-link-color wp-elements-b2044281340569087349fb8e69c763dc\">Bref, vous l\u2019avez compris, ce site sera r\u00e9guli\u00e8rement nourri d\u2019articles, recettes et liens d\u2019affiliations afin de r\u00e9pondre \u00e0 toutes vos attentes car nous sommes des femmes et nous savons ce que nous voulons!<\/p>\n\n\n\n<p><\/p>\n","protected":false},"excerpt":{"rendered":"<p>Le lieu de rendez-vous pour les femmes <\/p>\n","protected":false},"author":1,"featured_media":202,"parent":2,"menu_order":0,"comment_status":"closed","ping_status":"closed","template":"","meta":{"om_disable_all_campaigns":false,"_monsterinsights_skip_tracking":false,"_monsterinsights_sitenote_active":false,"_monsterinsights_sitenote_note":"","_monsterinsights_sitenote_category":0,"_uf_show_specific_survey":0,"_uf_disable_surveys":false,"footnotes":""},"class_list":["post-124","page","type-page","status-publish","has-post-thumbnail","hentry"],"aioseo_notices":[],"_links":{"self":[{"href":"https:\/\/fabuleusementfortes.fr\/index.php?rest_route=\/wp\/v2\/pages\/124","targetHints":{"allow":["GET"]}}],"collection":[{"href":"https:\/\/fabuleusementfortes.fr\/index.php?rest_route=\/wp\/v2\/pages"}],"about":[{"href":"https:\/\/fabuleusementfortes.fr\/index.php?rest_route=\/wp\/v2\/types\/page"}],"author":[{"embeddable":true,"href":"https:\/\/fabuleusementfortes.fr\/index.php?rest_route=\/wp\/v2\/users\/1"}],"replies":[{"embeddable":true,"href":"https:\/\/fabuleusementfortes.fr\/index.php?rest_route=%2Fwp%2Fv2%2Fcomments&post=124"}],"version-history":[{"count":5,"href":"https:\/\/fabuleusementfortes.fr\/index.php?rest_route=\/wp\/v2\/pages\/124\/revisions"}],"predecessor-version":[{"id":229,"href":"https:\/\/fabuleusementfortes.fr\/index.php?rest_route=\/wp\/v2\/pages\/124\/revisions\/229"}],"up":[{"embeddable":true,"href":"https:\/\/fabuleusementfortes.fr\/index.php?rest_route=\/wp\/v2\/pages\/2"}],"wp:featuredmedia":[{"embeddable":true,"href":"https:\/\/fabuleusementfortes.fr\/index.php?rest_route=\/wp\/v2\/media\/202"}],"wp:attachment":[{"href":"https:\/\/fabuleusementfortes.fr\/index.php?rest_route=%2Fwp%2Fv2%2Fmedia&parent=124"}],"curies":[{"name":"wp","href":"https:\/\/api.w.org\/{rel}","templated":true}]}}